 w.
8
Let z(c) = 10*c**3 - c**2 + c - 19. Suppose -23*s + 88 = -s. Let l be z(s). Calculate the highest common factor of 87 and l.
87
Suppose -19*g = -5*g - 11*g - 63. Calculate the highest common divisor of g and 791.
7
Suppose 0 = -3*t + 4*p + 12, 3*p = 7*p. What is the highest common factor of t and 7?
1
Let z = -9120 - -9894. Calculate the greatest common divisor of z and 54.
18
Let b = 40 + -5. Let n = 426 + 169. Calculate the highest common divisor of b and n.
35
Let h(n) = 233*n - 11. Let j be h(1). Let w be 3 - -1 - (-7 - -8 - j). Calculate the greatest common divisor of 25 and w.
25
Let x(z) = -59 - 8*z + 50 + 45*z. Let j be x(1). Calculate the highest common divisor of 63 and j.
7
Let v be (-4)/(-12) - -14*36/27. What is the greatest common factor of v and 3287?
19
Suppose -9*t - 3 = -8*t, 2*f - 3*t = 637. Calculate the greatest common factor of f and 2.
2
Let n be -17 + 38/2 + 2626. Calculate the greatest common factor of 900 and n.
36
Let g be ((-360)/80)/((-6)/32). What is the greatest common factor of g and 3912?
24
Let r = -15 + 275. Let g = r - 259. Suppose -2*z - a + 13 = 0, -z - 4*a + 3*a + 5 = 0. What is the greatest common divisor of z and g?
1
Suppose 0 = -1810*a + 1797*a + 13. Suppose -3*i = -5*m, -3*m - 1 = -2*i - 0*m. Let w be i/15 + (-2)/(-3). What is the highest common factor of a and w?
1
Suppose -29*l + 123*l - 7802 = 0. Calculate the highest common factor of l and 83.
83
Let o(y) = 63*y**2 - 3*y + 3. Let d be o(-3). Suppose 0 = -3*p - 2*w + 6*w + d, w = -5*p + 942. What is the highest common factor of 54 and p?
27
Suppose -3*f + 6 = -f. Let n be 86/33*f + (-38)/(-209). Let h be (-4)/(-5)*20*2. Calculate the highest common divisor of n and h.
8
Suppose 0 = 9*z - 10*z + 16. Suppose -1 = 2*t + 1. Let y be -2 + (-438)/(-2 + t). What is the highest common divisor of y and z?
16
Let b be (-2 + 4)/((-6)/(-48)). Suppose -3*p = -8*p - h + b, 2 = -p + 5*h. Calculate the highest common factor of 1 and p.
1
Suppose -501526 = -163*f - 105436. Calculate the highest common factor of 190 and f.
10
Suppose 5*l - 11*s - 40011 = -14*s, 40008 = 5*l + 4*s. What is the greatest common factor of 69 and l?
69
Let v be (550/(-30) - -18)/((-3)/180). What is the greatest common factor of v and 2140?
20
Let n = 42 - 15. Let z(y) = 13*y + 83. Suppose -5*c + p - 23 = -0, -4*c - 12 = -4*p. Let f be z(c). What is the highest common factor of f and n?
9
Suppose -n - 14183 = -5*r + 2112, -n = -r + 3259. Calculate the greatest common divisor of 1 and r.
1
Let f(n) = 9*n**2 + 88*n + 107. Let m be f(-27). What is the greatest common factor of m and 111?
37
Let f be 8*(-4 - -3 - (-18139)/44). Calculate the greatest common factor of 15 and f.
5
Suppose 2*b - 10 - 6 = 2*c, -2*c + 24 = 3*b. Suppose -b*m - 93 + 365 = 0. Calculate the highest common divisor of m and 34.
34
Let w(k) = 67*k**3 - 3*k**2 + 2*k + 3. Suppose 8*u = -8*u + 32. Let o be w(u). Calculate the greatest common divisor of 59 and o.
59
Let a be 4 - (20/5 + -8). Let n be -3 - 1 - (-5 + a). Let j be (-3 - -6)*n/(-21). Calculate the greatest common divisor of 8 and j.
1
Let h = -1490 + 1567. Calculate the greatest common divisor of 7 and h.
7
Let a(j) = -176*j - 148. Let d be a(-5). What is the greatest common factor of 96 and d?
12
Suppose -3*q + 5 = -19. Suppose -262*n + 271*n = -99. Let f be 64/12*n/(22/(-3)). What is the highest common factor of q and f?
8
Let u be ((-8)/(-12))/((-3)/(-9)) + 20. Suppose 0 = -h + 2*r + 449, h - 5*h + 3*r = -1801. Calculate the greatest common factor of h and u.
11
Suppose 12*a = 8*a + 32. Suppose 16*g - 1407 = 9*g. Suppose a*l - g = -57. Calculate the greatest common factor of l and 27.
9
Suppose 5*d = 2*y + 61388, -2*y - 9 + 21 = 0. Calculate the highest common factor of 80 and d.
40
Let i be 7/(35*(-9)/(-1350)). Let v = 98 + -49. Let m = v - 34. Calculate the highest common factor of m and i.
15
Suppose c = 3*c - 10. Suppose 2*w = c*t + 79, 6*w = 2*w - 2*t + 170. Calculate the greatest common divisor of 189 and w.
21
Suppose 2266*b + 120 = 2267*b. Calculate the greatest common factor of b and 1965.
15
Suppose 4*v - 2*k - 1342 = 0, 2*v + 90*k = 94*k + 686. Let n(h) = h**2 - 3*h - 3. Let y be n(8). Calculate the greatest common divisor of y and v.
37
Suppose 405 = 5*x - v, -2*x = -3*v - 149 - 26. What is the highest common divisor of x and 2160?
80
Suppose 0 = -4*o + 4*h - 1068, -5*o + 3*h + 0*h = 1331. Let p = o - -301. Suppose 0 = -c + 3*c - 36. Calculate the highest common divisor of c and p.
18
Let j(c) = c**2 + 20 - 14*c - 5*c + 8*c + c. Let f be j(10). Calculate the greatest common factor of 100 and f.
20
Suppose 2*r = -3*d + 54, -4*r + 26 = 2*d - 18. Let g be 211 - (8 - 4) - -1. What is the greatest common factor of d and g?
16
Suppose -5*w = -2*i - 6, 12 = 4*w - w + 3*i. Let k(p) = 4*p**2 - 3. Let h be k(w). Let u = 380 + -289. What is the highest common factor of u and h?
13
Let q = 0 + -4. Suppose -3*w + 7 = -t - 6, -2*w + 10 = -2*t. Let a be 2*(-1)/q*(212 - w). What is the greatest common divisor of a and 8?
8
Let n = -27 + 3. Let d = n - -44. Calculate the greatest common divisor of d and 70.
10
Suppose -4 = 2*r + 2, 3*j - 426 = 3*r. Suppose -233 - j = -12*f. Calculate the highest common factor of 248 and f.
31
Suppose 21*t - 23*t = 2, 5*t = -5*q + 2515. Calculate the highest common divisor of q and 2232.
72
Suppose -3*w = 7*p - 3*p - 272, -3*p = 5*w - 204. Suppose 15*f = -3*d + 63, 37*d = 32*d + 5*f + 285. Calculate the greatest common divisor of p and d.
17
Let p be 47264/126 - (-60)/(-54). What is the highest common divisor of 34 and p?
34
Let h = 1345 - -1340. Suppose -5*c - 2*t = -h, -t = -5*c + 2176 + 524. Suppose -161 - c = -5*u. Calculate the highest common divisor of 20 and u.
20
Let m be 0 + 3*(-8)/12. Let t be (40/15)/(m/(-108)). Calculate the highest common divisor of 18 and t.
18
Let k = -253 + 257. Let j(g) = g**3 - 3*g**2 - 4*g + 11. Let u be j(k). What is the highest common divisor of u and 517?
11
Suppose x - 4*x = 4*j + 12, 0 = 3*j + x + 4. Suppose 30*z - 8028 - 6072 = j. Calculate the highest common factor of z and 20.
10
Let m = 12 - 33. Let a = m + 112. What is the greatest common factor of a and 13?
13
Let p be (-50)/(-4)*2 - 1. Let m be 6/4 - ((-11375)/14 + -6). Let j = m + -817. Calculate the greatest common divisor of j and p.
3
Suppose -5*f + 5*j + 3455 = 0, -916*f - 4*j = -911*f - 3473. What is the greatest common divisor of f and 42?
21
Suppose -47425 = -4*k + 3*t + 26848, -4*t - 74268 = -4*k. Calculate the highest common factor of 4 and k.
4
Let f = -4362 + 4466. Calculate the greatest common factor of f and 598.
26
Let d = 72 + -36. Suppose -7*l = 10*h - 10*l - 49, -4*h + 25 = -3*l. What is the highest common factor of d and h?
4
Suppose 2664 = 20*s - 30*s + 22*s. What is the highest common factor of s and 39?
3
Let f(m) = 6*m**3 + 3*m**2 - 10*m + 56. Let i be f(6). Calculate the highest common divisor of 14 and i.
14
Let a = 432 - 441. Let q(c) = -19*c - 141. Let h be q(a). Calculate the greatest common divisor of h and 45.
15
Let z(c) = -c**3 - 6*c**2 - 54*c - 174. Let f be z(-4). What is the highest common factor of 130 and f?
10
Suppose -6 + 4 = 4*p - 2*m, 0 = -4*p + 5*m - 17. Let k(x) = -20*x + 27*x - 17*x + 2*x**p + 3. Let b be k(6). What is the greatest common factor of 30 and b?
15
Suppose 4*j - 2*m = 26, 168*j = 172*j + 5*m - 5. Let w = 85 + 100. What is the highest common factor of j and w?
5
Let c = -18160 + 18505. Calculate the greatest common divisor of c and 6141.
69
Suppose h - 94 + 4 = 2*r, -4*r = -20. Suppose 3*n = 14 + h. Suppose -a + n = 4. What is the greatest common factor of 51 and a?
17
Let s = 502 - 502. Suppose v + 3*o + 31 - 129 = 0, -4*o - 8 = s. Calculate the greatest common factor of 117 and v.
13
Suppose -32*b + 66400 = 134*b. What is the greatest common factor of b and 4450?
50
Let i(c) = 34*c - 27. Let u(s) = 11*s - 9. Let p(a) = -6*i(a) + 17*u(a). Let v be p(-3). Suppose -4*x + 53 = 5. What is the greatest common divisor of x and v?
12
Let z(u) be the third derivative of -u**4/24 + u**3 + 36*u**2 - 2. Let l be z(3). What is the highest common divisor of l and 51?
3
Let z(q) be the first derivative of -8*q**2 - 143*q - 219. Let f be z(-22). Calculate the highest common divisor o